{"id":27,"date":"2021-05-04T14:28:57","date_gmt":"2021-05-04T14:28:57","guid":{"rendered":"http:\/\/infival.com\/?page_id=27"},"modified":"2021-05-06T17:15:54","modified_gmt":"2021-05-06T17:15:54","slug":"juridico","status":"publish","type":"page","link":"https:\/\/infival.com\/?page_id=27","title":{"rendered":"Jur\u00eddico"},"content":{"rendered":"\t\t<div data-elementor-type=\"wp-page\" data-elementor-id=\"27\" class=\"elementor elementor-27\">\n\t\t\t\t\t\t\t\t\t<section class=\"elementor-section elementor-top-section elementor-element elementor-element-e0abdb6 elementor-section-boxed elementor-section-height-default elementor-section-height-default\" data-id=\"e0abdb6\" data-element_type=\"section\">\n\t\t\t\t\t\t<div class=\"elementor-container elementor-column-gap-default\">\n\t\t\t\t\t<div class=\"elementor-column elementor-col-100 elementor-top-column elementor-element elementor-element-49a755c\" data-id=\"49a755c\" data-element_type=\"column\">\n\t\t\t<div class=\"elementor-widget-wrap elementor-element-populated\">\n\t\t\t\t\t\t\t\t<section class=\"elementor-section elementor-inner-section elementor-element elementor-element-1588f15 elementor-section-boxed elementor-section-height-default elementor-section-height-default\" data-id=\"1588f15\" data-element_type=\"section\">\n\t\t\t\t\t\t<div class=\"elementor-container elementor-column-gap-default\">\n\t\t\t\t\t<div class=\"elementor-column elementor-col-50 elementor-inner-column elementor-element elementor-element-de92578\" data-id=\"de92578\" data-element_type=\"column\">\n\t\t\t<div class=\"elementor-widget-wrap elementor-element-populated\">\n\t\t\t\t\t\t\t\t<div class=\"elementor-element elementor-element-f6b9388 elementor-widget elementor-widget-image\" data-id=\"f6b9388\" data-element_type=\"widget\" data-widget_type=\"image.default\">\n\t\t\t\t<div class=\"elementor-widget-container\">\n\t\t\t\t\t\t\t\t\t\t\t\t\t\t\t<img loading=\"lazy\" decoding=\"async\" width=\"275\" height=\"183\" src=\"https:\/\/infival.com\/wp-content\/uploads\/2021\/05\/juridico.jpg\" class=\"attachment-large size-large\" alt=\"\" \/>\t\t\t\t\t\t\t\t\t\t\t\t\t\t\t<\/div>\n\t\t\t\t<\/div>\n\t\t\t\t\t<\/div>\n\t\t<\/div>\n\t\t\t\t<div class=\"elementor-column elementor-col-50 elementor-inner-column elementor-element elementor-element-936ab6b\" data-id=\"936ab6b\" data-element_type=\"column\">\n\t\t\t<div class=\"elementor-widget-wrap elementor-element-populated\">\n\t\t\t\t\t\t\t\t<div class=\"elementor-element elementor-element-f33f88b elementor-widget elementor-widget-text-editor\" data-id=\"f33f88b\" data-element_type=\"widget\" data-widget_type=\"text-editor.default\">\n\t\t\t\t<div class=\"elementor-widget-container\">\n\t\t\t\t\t\t\t<p><strong>Asesoramiento Jur\u00eddico a Empresas. Punto PAE.<\/strong><br \/><strong>Derecho Concursal: <\/strong>Concursos de Acreedores. Mediaci\u00f3n Concursal, Acuerdos Extrajudiciales de Pagos.<br \/><strong>Derecho Societario<\/strong> -Juntas Generales, Reestructuraciones Societarias, Estatutos, Grupos Mercantiles, Adquisiciones, Conflictos Societarios, Acciones de Responsabilidad de Administradores, Protocolos y Planificaci\u00f3n societaria, Constituci\u00f3n de Sociedades en 48 horas, Disoluciones.<br \/>Derecho Penal Econ\u00f3mico.<br \/>Propiedad Industrial.<br \/>Derecho Bancario.<br \/>Derecho Administrativo -Administraci\u00f3n Tributaria, Seguridad Social-. <strong>Contencioso Administrativo<\/strong>.<br \/>Derecho Laboral: del Trabajo y Seguridad Social.<br \/>Derecho Civil. Contratos civiles y mercantiles, Responsabilidad Civil. Ejecuciones.<br \/>Derecho Sucesorio. <strong>Herencias<\/strong>.<\/p>\t\t\t\t\t\t<\/div>\n\t\t\t\t<\/div>\n\t\t\t\t\t<\/div>\n\t\t<\/div>\n\t\t\t\t\t\t\t<\/div>\n\t\t<\/section>\n\t\t\t\t\t<\/div>\n\t\t<\/div>\n\t\t\t\t\t\t\t<\/div>\n\t\t<\/section>\n\t\t\t\t<section class=\"elementor-section elementor-top-section elementor-element elementor-element-fb1be68 elementor-section-boxed elementor-section-height-default elementor-section-height-default\" data-id=\"fb1be68\" data-element_type=\"section\">\n\t\t\t\t\t\t<div class=\"elementor-container elementor-column-gap-default\">\n\t\t\t\t\t<div class=\"elementor-column elementor-col-100 elementor-top-column elementor-element elementor-element-1901242\" data-id=\"1901242\" data-element_type=\"column\">\n\t\t\t<div class=\"elementor-widget-wrap elementor-element-populated\">\n\t\t\t\t\t\t\t\t<div class=\"elementor-element elementor-element-645f150 elementor-widget-divider--view-line elementor-widget elementor-widget-divider\" data-id=\"645f150\" data-element_type=\"widget\" data-widget_type=\"divider.default\">\n\t\t\t\t<div class=\"elementor-widget-container\">\n\t\t\t\t\t<div class=\"elementor-divider\">\n\t\t\t<span class=\"elementor-divider-separator\">\n\t\t\t\t\t\t<\/span>\n\t\t<\/div>\n\t\t\t\t<\/div>\n\t\t\t\t<\/div>\n\t\t\t\t\t<\/div>\n\t\t<\/div>\n\t\t\t\t\t\t\t<\/div>\n\t\t<\/section>\n\t\t\t\t\t\t\t<\/div>\n\t\t","protected":false},"excerpt":{"rendered":"<p>Asesoramiento Jur\u00eddico a Empresas. Punto PAE.Derecho Concursal: Concursos de Acreedores. Mediaci\u00f3n Concursal, Acuerdos Extrajudiciales de Pagos.Derecho Societario -Juntas Generales, Reestructuraciones Societarias, Estatutos, Grupos Mercantiles, Adquisiciones, Conflictos Societarios, Acciones de Responsabilidad de Administradores, Protocolos y Planificaci\u00f3n societaria, Constituci\u00f3n de Sociedades en 48 horas, Disoluciones.Derecho Penal Econ\u00f3mico.Propiedad Industrial.Derecho Bancario.Derecho Administrativo -Administraci\u00f3n Tributaria,<\/p>\n","protected":false},"author":1,"featured_media":0,"parent":0,"menu_order":0,"comment_status":"closed","ping_status":"closed","template":"elementor_header_footer","meta":{"footnotes":""},"class_list":["post-27","page","type-page","status-publish","hentry",""],"_links":{"self":[{"href":"https:\/\/infival.com\/index.php?rest_route=\/wp\/v2\/pages\/27","targetHints":{"allow":["GET"]}}],"collection":[{"href":"https:\/\/infival.com\/index.php?rest_route=\/wp\/v2\/pages"}],"about":[{"href":"https:\/\/infival.com\/index.php?rest_route=\/wp\/v2\/types\/page"}],"author":[{"embeddable":true,"href":"https:\/\/infival.com\/index.php?rest_route=\/wp\/v2\/users\/1"}],"replies":[{"embeddable":true,"href":"https:\/\/infival.com\/index.php?rest_route=%2Fwp%2Fv2%2Fcomments&post=27"}],"version-history":[{"count":7,"href":"https:\/\/infival.com\/index.php?rest_route=\/wp\/v2\/pages\/27\/revisions"}],"predecessor-version":[{"id":217,"href":"https:\/\/infival.com\/index.php?rest_route=\/wp\/v2\/pages\/27\/revisions\/217"}],"wp:attachment":[{"href":"https:\/\/infival.com\/index.php?rest_route=%2Fwp%2Fv2%2Fmedia&parent=27"}],"curies":[{"name":"wp","href":"https:\/\/api.w.org\/{rel}","templated":true}]}}