{"id":26,"date":"2021-05-04T14:28:57","date_gmt":"2021-05-04T14:28:57","guid":{"rendered":"http:\/\/infival.com\/?page_id=26"},"modified":"2021-05-06T17:12:34","modified_gmt":"2021-05-06T17:12:34","slug":"fiscal","status":"publish","type":"page","link":"https:\/\/infival.com\/?page_id=26","title":{"rendered":"Fiscal"},"content":{"rendered":"\t\t<div data-elementor-type=\"wp-page\" data-elementor-id=\"26\" class=\"elementor elementor-26\">\n\t\t\t\t\t\t\t\t\t<section class=\"elementor-section elementor-top-section elementor-element elementor-element-26227ca elementor-section-boxed elementor-section-height-default elementor-section-height-default\" data-id=\"26227ca\" data-element_type=\"section\">\n\t\t\t\t\t\t<div class=\"elementor-container elementor-column-gap-default\">\n\t\t\t\t\t<div class=\"elementor-column elementor-col-100 elementor-top-column elementor-element elementor-element-680c423\" data-id=\"680c423\" data-element_type=\"column\">\n\t\t\t<div class=\"elementor-widget-wrap\">\n\t\t\t\t\t\t\t\t\t<\/div>\n\t\t<\/div>\n\t\t\t\t\t\t\t<\/div>\n\t\t<\/section>\n\t\t\t\t<section class=\"elementor-section elementor-top-section elementor-element elementor-element-1d21a4b elementor-section-boxed elementor-section-height-default elementor-section-height-default\" data-id=\"1d21a4b\" data-element_type=\"section\">\n\t\t\t\t\t\t<div class=\"elementor-container elementor-column-gap-default\">\n\t\t\t\t\t<div class=\"elementor-column elementor-col-100 elementor-top-column elementor-element elementor-element-b2a4e7a\" data-id=\"b2a4e7a\" data-element_type=\"column\">\n\t\t\t<div class=\"elementor-widget-wrap elementor-element-populated\">\n\t\t\t\t\t\t\t\t<section class=\"elementor-section elementor-inner-section elementor-element elementor-element-14729de elementor-section-boxed elementor-section-height-default elementor-section-height-default\" data-id=\"14729de\" data-element_type=\"section\">\n\t\t\t\t\t\t<div class=\"elementor-container elementor-column-gap-default\">\n\t\t\t\t\t<div class=\"elementor-column elementor-col-50 elementor-inner-column elementor-element elementor-element-8599442\" data-id=\"8599442\" data-element_type=\"column\">\n\t\t\t<div class=\"elementor-widget-wrap elementor-element-populated\">\n\t\t\t\t\t\t\t\t<div class=\"elementor-element elementor-element-68cc6e4 elementor-widget elementor-widget-image\" data-id=\"68cc6e4\" data-element_type=\"widget\" data-widget_type=\"image.default\">\n\t\t\t\t<div class=\"elementor-widget-container\">\n\t\t\t\t\t\t\t\t\t\t\t\t\t\t\t<img loading=\"lazy\" decoding=\"async\" width=\"386\" height=\"130\" src=\"https:\/\/infival.com\/wp-content\/uploads\/2021\/05\/logo-fiscal.jpg\" class=\"attachment-full size-full\" alt=\"\" srcset=\"https:\/\/infival.com\/wp-content\/uploads\/2021\/05\/logo-fiscal.jpg 386w, https:\/\/infival.com\/wp-content\/uploads\/2021\/05\/logo-fiscal-300x101.jpg 300w\" sizes=\"auto, (max-width: 386px) 100vw, 386px\" \/>\t\t\t\t\t\t\t\t\t\t\t\t\t\t\t<\/div>\n\t\t\t\t<\/div>\n\t\t\t\t<div class=\"elementor-element elementor-element-13abe55 elementor-widget elementor-widget-image\" data-id=\"13abe55\" data-element_type=\"widget\" data-widget_type=\"image.default\">\n\t\t\t\t<div class=\"elementor-widget-container\">\n\t\t\t\t\t\t\t\t\t\t\t\t\t\t\t<img loading=\"lazy\" decoding=\"async\" width=\"288\" height=\"175\" src=\"https:\/\/infival.com\/wp-content\/uploads\/2021\/05\/fiscal2.jpg\" class=\"attachment-large size-large\" alt=\"\" \/>\t\t\t\t\t\t\t\t\t\t\t\t\t\t\t<\/div>\n\t\t\t\t<\/div>\n\t\t\t\t\t<\/div>\n\t\t<\/div>\n\t\t\t\t<div class=\"elementor-column elementor-col-50 elementor-inner-column elementor-element elementor-element-60d915e\" data-id=\"60d915e\" data-element_type=\"column\">\n\t\t\t<div class=\"elementor-widget-wrap elementor-element-populated\">\n\t\t\t\t\t\t\t\t<div class=\"elementor-element elementor-element-8b58704 elementor-drop-cap-yes elementor-drop-cap-view-default elementor-widget elementor-widget-text-editor\" data-id=\"8b58704\" data-element_type=\"widget\" data-settings=\"{&quot;drop_cap&quot;:&quot;yes&quot;}\" data-widget_type=\"text-editor.default\">\n\t\t\t\t<div class=\"elementor-widget-container\">\n\t\t\t\t\t\t\t<ul><li>Asesoramiento Tributario y Gesti\u00f3n Fiscal de Empresas y Aut\u00f3nomos<\/li><li>Estudio y preparaci\u00f3n de Autoliquidaciones. Realizaci\u00f3n de Registros fiscales. IRPF, IVA. Impuesto sobre Sociedades. ITP y AJD. IAE. Intrastat<\/li><li>Planificaci\u00f3n Fiscal. Verificaci\u00f3n de la coherencia fiscal. Auditor\u00eda Fiscal<\/li><li>Asistencia y apoyo ante Requerimientos, Comprobaciones e Inspecciones<\/li><li>Defensa: Recursos, Reclamaciones TEAR y contencioso-administrativo<\/li><li>Recaudaci\u00f3n &#8211; Fraccionamiento y Aplazamiento de Deudas, Devoluci\u00f3n de Ingresos Indebidos-<\/li><li>Firma Electr\u00f3nica. Apoderamiento para recibir Notificaciones Tributarias<\/li><\/ul>\t\t\t\t\t\t<\/div>\n\t\t\t\t<\/div>\n\t\t\t\t\t<\/div>\n\t\t<\/div>\n\t\t\t\t\t\t\t<\/div>\n\t\t<\/section>\n\t\t\t\t\t<\/div>\n\t\t<\/div>\n\t\t\t\t\t\t\t<\/div>\n\t\t<\/section>\n\t\t\t\t<section class=\"elementor-section elementor-top-section elementor-element elementor-element-d467551 elementor-section-boxed elementor-section-height-default elementor-section-height-default\" data-id=\"d467551\" data-element_type=\"section\">\n\t\t\t\t\t\t<div class=\"elementor-container elementor-column-gap-default\">\n\t\t\t\t\t<div class=\"elementor-column elementor-col-100 elementor-top-column elementor-element elementor-element-2fa86f3\" data-id=\"2fa86f3\" data-element_type=\"column\">\n\t\t\t<div class=\"elementor-widget-wrap elementor-element-populated\">\n\t\t\t\t\t\t\t\t<div class=\"elementor-element elementor-element-6ef0392 elementor-widget-divider--view-line elementor-widget elementor-widget-divider\" data-id=\"6ef0392\" data-element_type=\"widget\" data-widget_type=\"divider.default\">\n\t\t\t\t<div class=\"elementor-widget-container\">\n\t\t\t\t\t<div class=\"elementor-divider\">\n\t\t\t<span class=\"elementor-divider-separator\">\n\t\t\t\t\t\t<\/span>\n\t\t<\/div>\n\t\t\t\t<\/div>\n\t\t\t\t<\/div>\n\t\t\t\t\t<\/div>\n\t\t<\/div>\n\t\t\t\t\t\t\t<\/div>\n\t\t<\/section>\n\t\t\t\t\t\t\t<\/div>\n\t\t","protected":false},"excerpt":{"rendered":"<p>Asesoramiento Tributario y Gesti\u00f3n Fiscal de Empresas y Aut\u00f3nomos Estudio y preparaci\u00f3n de Autoliquidaciones. Realizaci\u00f3n de Registros fiscales. IRPF, IVA. Impuesto sobre Sociedades. ITP y AJD. IAE. Intrastat Planificaci\u00f3n Fiscal. Verificaci\u00f3n de la coherencia fiscal. Auditor\u00eda Fiscal Asistencia y apoyo ante Requerimientos, Comprobaciones e Inspecciones Defensa: Recursos, Reclamaciones TEAR y<\/p>\n","protected":false},"author":1,"featured_media":63,"parent":0,"menu_order":0,"comment_status":"closed","ping_status":"closed","template":"elementor_header_footer","meta":{"footnotes":""},"class_list":["post-26","page","type-page","status-publish","has-post-thumbnail","hentry",""],"_links":{"self":[{"href":"https:\/\/infival.com\/index.php?rest_route=\/wp\/v2\/pages\/26","targetHints":{"allow":["GET"]}}],"collection":[{"href":"https:\/\/infival.com\/index.php?rest_route=\/wp\/v2\/pages"}],"about":[{"href":"https:\/\/infival.com\/index.php?rest_route=\/wp\/v2\/types\/page"}],"author":[{"embeddable":true,"href":"https:\/\/infival.com\/index.php?rest_route=\/wp\/v2\/users\/1"}],"replies":[{"embeddable":true,"href":"https:\/\/infival.com\/index.php?rest_route=%2Fwp%2Fv2%2Fcomments&post=26"}],"version-history":[{"count":25,"href":"https:\/\/infival.com\/index.php?rest_route=\/wp\/v2\/pages\/26\/revisions"}],"predecessor-version":[{"id":211,"href":"https:\/\/infival.com\/index.php?rest_route=\/wp\/v2\/pages\/26\/revisions\/211"}],"wp:featuredmedia":[{"embeddable":true,"href":"https:\/\/infival.com\/index.php?rest_route=\/wp\/v2\/media\/63"}],"wp:attachment":[{"href":"https:\/\/infival.com\/index.php?rest_route=%2Fwp%2Fv2%2Fmedia&parent=26"}],"curies":[{"name":"wp","href":"https:\/\/api.w.org\/{rel}","templated":true}]}}