{"id":17,"date":"2021-05-04T14:28:57","date_gmt":"2021-05-04T14:28:57","guid":{"rendered":"http:\/\/infival.com\/?page_id=17"},"modified":"2021-05-06T17:01:22","modified_gmt":"2021-05-06T17:01:22","slug":"quienes-somos","status":"publish","type":"page","link":"https:\/\/infival.com\/","title":{"rendered":"Quienes Somos"},"content":{"rendered":"\t\t<div data-elementor-type=\"wp-page\" data-elementor-id=\"17\" class=\"elementor elementor-17\">\n\t\t\t\t\t\t\t\t\t<section class=\"elementor-section elementor-top-section elementor-element elementor-element-2becb26 elementor-section-boxed elementor-section-height-default elementor-section-height-default\" data-id=\"2becb26\" data-element_type=\"section\">\n\t\t\t\t\t\t<div class=\"elementor-container elementor-column-gap-default\">\n\t\t\t\t\t<div class=\"elementor-column elementor-col-100 elementor-top-column elementor-element elementor-element-d238c5b\" data-id=\"d238c5b\" data-element_type=\"column\">\n\t\t\t<div class=\"elementor-widget-wrap elementor-element-populated\">\n\t\t\t\t\t\t\t\t<div class=\"elementor-element elementor-element-84c0e92 elementor-widget elementor-widget-image\" data-id=\"84c0e92\" data-element_type=\"widget\" data-widget_type=\"image.default\">\n\t\t\t\t<div class=\"elementor-widget-container\">\n\t\t\t\t\t\t\t\t\t\t\t\t\t\t\t<img loading=\"lazy\" decoding=\"async\" width=\"904\" height=\"195\" src=\"https:\/\/infival.com\/wp-content\/uploads\/2021\/05\/fonfo.jpg\" class=\"attachment-full size-full\" alt=\"\" srcset=\"https:\/\/infival.com\/wp-content\/uploads\/2021\/05\/fonfo.jpg 904w, https:\/\/infival.com\/wp-content\/uploads\/2021\/05\/fonfo-300x65.jpg 300w, https:\/\/infival.com\/wp-content\/uploads\/2021\/05\/fonfo-768x166.jpg 768w\" sizes=\"auto, (max-width: 904px) 100vw, 904px\" \/>\t\t\t\t\t\t\t\t\t\t\t\t\t\t\t<\/div>\n\t\t\t\t<\/div>\n\t\t\t\t\t<\/div>\n\t\t<\/div>\n\t\t\t\t\t\t\t<\/div>\n\t\t<\/section>\n\t\t\t\t<section class=\"elementor-section elementor-top-section elementor-element elementor-element-d50a352 elementor-section-boxed elementor-section-height-default elementor-section-height-default\" data-id=\"d50a352\" data-element_type=\"section\">\n\t\t\t\t\t\t<div class=\"elementor-container elementor-column-gap-default\">\n\t\t\t\t\t<div class=\"elementor-column elementor-col-100 elementor-top-column elementor-element elementor-element-5bf01e1\" data-id=\"5bf01e1\" data-element_type=\"column\">\n\t\t\t<div class=\"elementor-widget-wrap elementor-element-populated\">\n\t\t\t\t\t\t\t\t<div class=\"elementor-element elementor-element-bfb0106 elementor-widget elementor-widget-text-editor\" data-id=\"bfb0106\" data-element_type=\"widget\" data-widget_type=\"text-editor.default\">\n\t\t\t\t<div class=\"elementor-widget-container\">\n\t\t\t\t\t\t\t<p>Nuestro despacho despacho profesional\u00a0cuenta con los medios humanos y t\u00e9cnicos m\u00e1s cualificados. La misi\u00f3n es facilitar a nuestros clientes la creciente complejidad de la gesti\u00f3n empresarial. Nuestro compromiso es la resoluci\u00f3n de problemas <strong>laborales<\/strong>, <strong>fiscales<\/strong> y <strong>jur\u00eddicos<\/strong>, ocup\u00e1ndonos de ellos y ahorr\u00e1ndoles tiempo y dinero.<br \/><br \/>Somos un despacho profesional consolidado gracias a la confianza de nuestros clientes, lo que constituye nuestra mejor referencia y tarjeta de presentaci\u00f3n.<\/p>\t\t\t\t\t\t<\/div>\n\t\t\t\t<\/div>\n\t\t\t\t\t<\/div>\n\t\t<\/div>\n\t\t\t\t\t\t\t<\/div>\n\t\t<\/section>\n\t\t\t\t<section class=\"elementor-section elementor-top-section elementor-element elementor-element-343eb83 elementor-section-boxed elementor-section-height-default elementor-section-height-default\" data-id=\"343eb83\" data-element_type=\"section\">\n\t\t\t\t\t\t<div class=\"elementor-container elementor-column-gap-default\">\n\t\t\t\t\t<div class=\"elementor-column elementor-col-100 elementor-top-column elementor-element elementor-element-bfa231f\" data-id=\"bfa231f\" data-element_type=\"column\">\n\t\t\t<div class=\"elementor-widget-wrap elementor-element-populated\">\n\t\t\t\t\t\t\t\t<div class=\"elementor-element elementor-element-cf317e8 elementor-widget-divider--view-line elementor-widget elementor-widget-divider\" data-id=\"cf317e8\" data-element_type=\"widget\" data-widget_type=\"divider.default\">\n\t\t\t\t<div class=\"elementor-widget-container\">\n\t\t\t\t\t<div class=\"elementor-divider\">\n\t\t\t<span class=\"elementor-divider-separator\">\n\t\t\t\t\t\t<\/span>\n\t\t<\/div>\n\t\t\t\t<\/div>\n\t\t\t\t<\/div>\n\t\t\t\t\t<\/div>\n\t\t<\/div>\n\t\t\t\t\t\t\t<\/div>\n\t\t<\/section>\n\t\t\t\t\t\t\t<\/div>\n\t\t","protected":false},"excerpt":{"rendered":"<p>Nuestro despacho despacho profesional\u00a0cuenta con los medios humanos y t\u00e9cnicos m\u00e1s cualificados. La misi\u00f3n es facilitar a nuestros clientes la creciente complejidad de la gesti\u00f3n empresarial. Nuestro compromiso es la resoluci\u00f3n de problemas laborales, fiscales y jur\u00eddicos, ocup\u00e1ndonos de ellos y ahorr\u00e1ndoles tiempo y dinero. Somos un despacho profesional consolidado<\/p>\n","protected":false},"author":1,"featured_media":0,"parent":0,"menu_order":0,"comment_status":"closed","ping_status":"closed","template":"elementor_header_footer","meta":{"footnotes":""},"class_list":["post-17","page","type-page","status-publish","hentry",""],"_links":{"self":[{"href":"https:\/\/infival.com\/index.php?rest_route=\/wp\/v2\/pages\/17","targetHints":{"allow":["GET"]}}],"collection":[{"href":"https:\/\/infival.com\/index.php?rest_route=\/wp\/v2\/pages"}],"about":[{"href":"https:\/\/infival.com\/index.php?rest_route=\/wp\/v2\/types\/page"}],"author":[{"embeddable":true,"href":"https:\/\/infival.com\/index.php?rest_route=\/wp\/v2\/users\/1"}],"replies":[{"embeddable":true,"href":"https:\/\/infival.com\/index.php?rest_route=%2Fwp%2Fv2%2Fcomments&post=17"}],"version-history":[{"count":7,"href":"https:\/\/infival.com\/index.php?rest_route=\/wp\/v2\/pages\/17\/revisions"}],"predecessor-version":[{"id":180,"href":"https:\/\/infival.com\/index.php?rest_route=\/wp\/v2\/pages\/17\/revisions\/180"}],"wp:attachment":[{"href":"https:\/\/infival.com\/index.php?rest_route=%2Fwp%2Fv2%2Fmedia&parent=17"}],"curies":[{"name":"wp","href":"https:\/\/api.w.org\/{rel}","templated":true}]}}